{"id":15880,"date":"2025-11-22T14:54:53","date_gmt":"2025-11-22T13:54:53","guid":{"rendered":"https:\/\/grandchampmusique.fr\/?page_id=15880"},"modified":"2025-11-23T11:11:56","modified_gmt":"2025-11-23T10:11:56","slug":"mentions-legales","status":"publish","type":"page","link":"https:\/\/grandchampmusique.fr\/index.php\/mentions-legales\/","title":{"rendered":"Mentions l\u00e9gales"},"content":{"rendered":"<div id=\"cmsmasters_row_0e4vg1voe8\" class=\"cmsmasters_row cmsmasters_color_scheme_default cmsmasters_row_top_default cmsmasters_row_bot_default cmsmasters_row_boxed\">\n<div class=\"cmsmasters_row_outer_parent\">\n<div class=\"cmsmasters_row_outer\">\n<div class=\"cmsmasters_row_inner\">\n<div class=\"cmsmasters_row_margin\">\n<div id=\"cmsmasters_column_eb6b34i2jc\" class=\"cmsmasters_column one_first\">\n<div class=\"cmsmasters_column_inner\"><div class=\"cmsmasters_text\">\n<p data-start=\"234\" data-end=\"258\"><strong data-start=\"234\" data-end=\"253\">En vigueur au 22 novembre 2025<\/strong><\/p>\n<h2 data-start=\"260\" data-end=\"285\"><strong data-start=\"263\" data-end=\"285\">1. \u00c9diteur du site<\/strong><\/h2>\n<p data-start=\"286\" data-end=\"631\">Le pr\u00e9sent site est \u00e9dit\u00e9 par :<br data-start=\"317\" data-end=\"320\" \/><strong data-start=\"320\" data-end=\"382\">CALG \u2013 Culture Arts et Loisirs de Grandchamp-des-Fontaines<\/strong><br data-start=\"382\" data-end=\"385\" \/>Association loi 1901<br data-start=\"405\" data-end=\"408\" \/><strong data-start=\"408\" data-end=\"419\">SIREN :<\/strong> 353 339 963<br data-start=\"431\" data-end=\"434\" \/><strong data-start=\"434\" data-end=\"445\">SIRET :<\/strong> 353 339 963 00012<br data-start=\"463\" data-end=\"466\" \/><strong data-start=\"466\" data-end=\"484\">Si\u00e8ge social :<\/strong> Maison des Jardins de la Cure,<br data-start=\"515\" data-end=\"518\" \/>14 place de l\u2019\u00c9glise, 44119 Grandchamp-des-Fontaines, France<br data-start=\"578\" data-end=\"581\" \/><strong data-start=\"581\" data-end=\"603\">Email de contact :<\/strong> <a class=\"decorated-link cursor-pointer\" rel=\"noopener\" data-start=\"604\" data-end=\"629\">info@grandchampmusique.fr<\/a><\/p>\n<h2 data-start=\"740\" data-end=\"769\"><strong data-start=\"743\" data-end=\"769\">2. H\u00e9bergement du site<\/strong><\/h2>\n<p data-start=\"927\" data-end=\"985\">Le site <strong data-start=\"175\" data-end=\"199\">grandchampmusique.fr<\/strong> est h\u00e9berg\u00e9 par :<br data-start=\"217\" data-end=\"220\" \/><strong data-start=\"220\" data-end=\"231\">OVH SAS<\/strong><br data-start=\"231\" data-end=\"234\" \/>Adresse : 2 rue Kellermann, 59100 Roubaix, France<br data-start=\"283\" data-end=\"286\" \/>T\u00e9l\u00e9phone : +33 (0)9 72 10 10 07<br data-start=\"318\" data-end=\"321\" \/>Site web : <a class=\"decorated-link\" href=\"http:\/\/www.ovh.com\" target=\"_new\" rel=\"noopener\" data-start=\"332\" data-end=\"343\">www.ovh.com<\/a><\/p>\n<h2 data-start=\"987\" data-end=\"1022\"><strong data-start=\"990\" data-end=\"1022\">3. Conception et r\u00e9alisation<\/strong><\/h2>\n<p data-start=\"1023\" data-end=\"1114\">Site r\u00e9alis\u00e9 sous WordPress.<br data-start=\"1051\" data-end=\"1054\" \/>Webmaster \/ gestion des contenus : CALG ou ses prestataires.<\/p>\n<h2 data-start=\"1116\" data-end=\"1150\"><strong data-start=\"1119\" data-end=\"1150\">4. Propri\u00e9t\u00e9 intellectuelle<\/strong><\/h2>\n<p data-start=\"1151\" data-end=\"1333\">L\u2019ensemble des contenus du site (textes, images, vid\u00e9os, logos, documents PDF, \u00e9l\u00e9ments graphiques\u2026) sont la propri\u00e9t\u00e9 exclusive de l\u2019association CALG ou de leurs auteurs respectifs.<\/p>\n<p data-start=\"1335\" data-end=\"1491\">Toute reproduction, repr\u00e9sentation, modification, publication ou adaptation, totale ou partielle, de ces \u00e9l\u00e9ments est interdite sans l\u2019accord \u00e9crit de CALG.<\/p>\n<h2 data-start=\"1493\" data-end=\"1531\"><strong data-start=\"1496\" data-end=\"1531\">5. Limitation de responsabilit\u00e9<\/strong><\/h2>\n<p data-start=\"1532\" data-end=\"1646\">CALG s\u2019efforce de fournir des informations exactes et \u00e0 jour.<br data-start=\"1593\" data-end=\"1596\" \/>Elle ne saurait toutefois \u00eatre tenue responsable :<\/p>\n<p data-start=\"1649\" data-end=\"1689\">&#8211; d\u2019erreurs, omissions ou inexactitudes,<\/p>\n<p data-start=\"1692\" data-end=\"1735\">&#8211; d\u2019une indisponibilit\u00e9 temporaire du site,<\/p>\n<p data-start=\"1738\" data-end=\"1783\">&#8211; de tout dommage r\u00e9sultant d\u2019un usage du site.<\/p>\n<h2 data-start=\"1785\" data-end=\"1812\"><strong data-start=\"1788\" data-end=\"1812\">6. Liens hypertextes<\/strong><\/h2>\n<p data-start=\"1813\" data-end=\"1958\">Le site peut contenir des liens vers des sites tiers. CALG n\u2019exerce aucun contr\u00f4le sur leur contenu et d\u00e9cline toute responsabilit\u00e9 \u00e0 leur \u00e9gard.<\/p>\n<h2 data-start=\"1960\" data-end=\"1990\"><strong data-start=\"1963\" data-end=\"1990\">7. Donn\u00e9es personnelles<\/strong><\/h2>\n<p data-start=\"1991\" data-end=\"2105\">Le traitement des donn\u00e9es personnelles collect\u00e9es via le site est d\u00e9crit dans la <strong data-start=\"2072\" data-end=\"2104\">Politique de confidentialit\u00e9<\/strong>.<\/p>\n<h2 data-start=\"2107\" data-end=\"2124\"><strong data-start=\"2110\" data-end=\"2124\">8. Cookies<\/strong><\/h2>\n<p data-start=\"2125\" data-end=\"2335\">Le site utilise des cookies strictement n\u00e9cessaires \u00e0 son fonctionnement et, le cas \u00e9ch\u00e9ant, des cookies de mesure d\u2019audience ou de r\u00e9seaux sociaux.<br data-start=\"2273\" data-end=\"2276\" \/>Le d\u00e9tail est indiqu\u00e9 dans la Politique de confidentialit\u00e9.<\/p>\n<\/div>\n<\/div><\/div>\n<\/div>\n<\/div>\n<\/div>\n<\/div>\n<\/div>\n\n","protected":false},"excerpt":{"rendered":"","protected":false},"author":2,"featured_media":0,"parent":0,"menu_order":0,"comment_status":"closed","ping_status":"closed","template":"","meta":{"footnotes":""},"class_list":["post-15880","page","type-page","status-publish","hentry"],"yoast_head":"<!-- This site is optimized with the Yoast SEO plugin v27.4 - https:\/\/yoast.com\/product\/yoast-seo-wordpress\/ -->\n<title>Mentions l\u00e9gales - Ecole de Musique et de Th\u00e9\u00e2tre de Grandchamp des Fontaines<\/title>\n<meta name=\"robots\" content=\"index, follow, max-snippet:-1, max-image-preview:large, max-video-preview:-1\" \/>\n<link rel=\"canonical\" href=\"https:\/\/grandchampmusique.fr\/index.php\/mentions-legales\/\" \/>\n<meta property=\"og:locale\" content=\"fr_FR\" \/>\n<meta property=\"og:type\" content=\"article\" \/>\n<meta property=\"og:title\" content=\"Mentions l\u00e9gales - Ecole de Musique et de Th\u00e9\u00e2tre de Grandchamp des Fontaines\" \/>\n<meta property=\"og:url\" content=\"https:\/\/grandchampmusique.fr\/index.php\/mentions-legales\/\" \/>\n<meta property=\"og:site_name\" content=\"Ecole de Musique et de Th\u00e9\u00e2tre de Grandchamp des Fontaines\" \/>\n<meta property=\"article:modified_time\" content=\"2025-11-23T10:11:56+00:00\" \/>\n<meta name=\"twitter:card\" content=\"summary_large_image\" \/>\n<meta name=\"twitter:label1\" content=\"Dur\u00e9e de lecture estim\u00e9e\" \/>\n\t<meta name=\"twitter:data1\" content=\"2 minutes\" \/>\n<script type=\"application\/ld+json\" class=\"yoast-schema-graph\">{\"@context\":\"https:\\\/\\\/schema.org\",\"@graph\":[{\"@type\":\"WebPage\",\"@id\":\"https:\\\/\\\/grandchampmusique.fr\\\/index.php\\\/mentions-legales\\\/\",\"url\":\"https:\\\/\\\/grandchampmusique.fr\\\/index.php\\\/mentions-legales\\\/\",\"name\":\"Mentions l\u00e9gales - Ecole de Musique et de Th\u00e9\u00e2tre de Grandchamp des Fontaines\",\"isPartOf\":{\"@id\":\"https:\\\/\\\/grandchampmusique.fr\\\/#website\"},\"datePublished\":\"2025-11-22T13:54:53+00:00\",\"dateModified\":\"2025-11-23T10:11:56+00:00\",\"breadcrumb\":{\"@id\":\"https:\\\/\\\/grandchampmusique.fr\\\/index.php\\\/mentions-legales\\\/#breadcrumb\"},\"inLanguage\":\"fr-FR\",\"potentialAction\":[{\"@type\":\"ReadAction\",\"target\":[\"https:\\\/\\\/grandchampmusique.fr\\\/index.php\\\/mentions-legales\\\/\"]}]},{\"@type\":\"BreadcrumbList\",\"@id\":\"https:\\\/\\\/grandchampmusique.fr\\\/index.php\\\/mentions-legales\\\/#breadcrumb\",\"itemListElement\":[{\"@type\":\"ListItem\",\"position\":1,\"name\":\"Home\",\"item\":\"https:\\\/\\\/grandchampmusique.fr\\\/\"},{\"@type\":\"ListItem\",\"position\":2,\"name\":\"Mentions l\u00e9gales\"}]},{\"@type\":\"WebSite\",\"@id\":\"https:\\\/\\\/grandchampmusique.fr\\\/#website\",\"url\":\"https:\\\/\\\/grandchampmusique.fr\\\/\",\"name\":\"Ecole de Musique et de Th\u00e9\u00e2tre de Grandchamp des Fontaines\",\"description\":\"CALG\",\"potentialAction\":[{\"@type\":\"SearchAction\",\"target\":{\"@type\":\"EntryPoint\",\"urlTemplate\":\"https:\\\/\\\/grandchampmusique.fr\\\/?s={search_term_string}\"},\"query-input\":{\"@type\":\"PropertyValueSpecification\",\"valueRequired\":true,\"valueName\":\"search_term_string\"}}],\"inLanguage\":\"fr-FR\"}]}<\/script>\n<!-- \/ Yoast SEO plugin. -->","yoast_head_json":{"title":"Mentions l\u00e9gales - Ecole de Musique et de Th\u00e9\u00e2tre de Grandchamp des Fontaines","robots":{"index":"index","follow":"follow","max-snippet":"max-snippet:-1","max-image-preview":"max-image-preview:large","max-video-preview":"max-video-preview:-1"},"canonical":"https:\/\/grandchampmusique.fr\/index.php\/mentions-legales\/","og_locale":"fr_FR","og_type":"article","og_title":"Mentions l\u00e9gales - Ecole de Musique et de Th\u00e9\u00e2tre de Grandchamp des Fontaines","og_url":"https:\/\/grandchampmusique.fr\/index.php\/mentions-legales\/","og_site_name":"Ecole de Musique et de Th\u00e9\u00e2tre de Grandchamp des Fontaines","article_modified_time":"2025-11-23T10:11:56+00:00","twitter_card":"summary_large_image","twitter_misc":{"Dur\u00e9e de lecture estim\u00e9e":"2 minutes"},"schema":{"@context":"https:\/\/schema.org","@graph":[{"@type":"WebPage","@id":"https:\/\/grandchampmusique.fr\/index.php\/mentions-legales\/","url":"https:\/\/grandchampmusique.fr\/index.php\/mentions-legales\/","name":"Mentions l\u00e9gales - Ecole de Musique et de Th\u00e9\u00e2tre de Grandchamp des Fontaines","isPartOf":{"@id":"https:\/\/grandchampmusique.fr\/#website"},"datePublished":"2025-11-22T13:54:53+00:00","dateModified":"2025-11-23T10:11:56+00:00","breadcrumb":{"@id":"https:\/\/grandchampmusique.fr\/index.php\/mentions-legales\/#breadcrumb"},"inLanguage":"fr-FR","potentialAction":[{"@type":"ReadAction","target":["https:\/\/grandchampmusique.fr\/index.php\/mentions-legales\/"]}]},{"@type":"BreadcrumbList","@id":"https:\/\/grandchampmusique.fr\/index.php\/mentions-legales\/#breadcrumb","itemListElement":[{"@type":"ListItem","position":1,"name":"Home","item":"https:\/\/grandchampmusique.fr\/"},{"@type":"ListItem","position":2,"name":"Mentions l\u00e9gales"}]},{"@type":"WebSite","@id":"https:\/\/grandchampmusique.fr\/#website","url":"https:\/\/grandchampmusique.fr\/","name":"Ecole de Musique et de Th\u00e9\u00e2tre de Grandchamp des Fontaines","description":"CALG","potentialAction":[{"@type":"SearchAction","target":{"@type":"EntryPoint","urlTemplate":"https:\/\/grandchampmusique.fr\/?s={search_term_string}"},"query-input":{"@type":"PropertyValueSpecification","valueRequired":true,"valueName":"search_term_string"}}],"inLanguage":"fr-FR"}]}},"_links":{"self":[{"href":"https:\/\/grandchampmusique.fr\/index.php\/wp-json\/wp\/v2\/pages\/15880","targetHints":{"allow":["GET"]}}],"collection":[{"href":"https:\/\/grandchampmusique.fr\/index.php\/wp-json\/wp\/v2\/pages"}],"about":[{"href":"https:\/\/grandchampmusique.fr\/index.php\/wp-json\/wp\/v2\/types\/page"}],"author":[{"embeddable":true,"href":"https:\/\/grandchampmusique.fr\/index.php\/wp-json\/wp\/v2\/users\/2"}],"replies":[{"embeddable":true,"href":"https:\/\/grandchampmusique.fr\/index.php\/wp-json\/wp\/v2\/comments?post=15880"}],"version-history":[{"count":4,"href":"https:\/\/grandchampmusique.fr\/index.php\/wp-json\/wp\/v2\/pages\/15880\/revisions"}],"predecessor-version":[{"id":15899,"href":"https:\/\/grandchampmusique.fr\/index.php\/wp-json\/wp\/v2\/pages\/15880\/revisions\/15899"}],"wp:attachment":[{"href":"https:\/\/grandchampmusique.fr\/index.php\/wp-json\/wp\/v2\/media?parent=15880"}],"curies":[{"name":"wp","href":"https:\/\/api.w.org\/{rel}","templated":true}]}}