{"id":15527,"date":"2024-05-28T07:38:06","date_gmt":"2024-05-28T05:38:06","guid":{"rendered":"http:\/\/grandchampmusique.fr\/?post_type=project&#038;p=15527"},"modified":"2025-05-28T18:48:17","modified_gmt":"2025-05-28T16:48:17","slug":"cursus-technique-vocale","status":"publish","type":"project","link":"https:\/\/grandchampmusique.fr\/index.php\/class\/cursus-technique-vocale\/","title":{"rendered":"Cursus technique vocale"},"content":{"rendered":"<div id=\"cmsmasters_row_7vbmfbfecg\" class=\"cmsmasters_row cmsmasters_color_scheme_default cmsmasters_row_top_default cmsmasters_row_bot_default cmsmasters_row_boxed\">\n<div class=\"cmsmasters_row_outer_parent\">\n<div class=\"cmsmasters_row_outer\">\n<div class=\"cmsmasters_row_inner\">\n<div class=\"cmsmasters_row_margin\">\n<div id=\"cmsmasters_column_5mztqyv4wc\" class=\"cmsmasters_column one_first\">\n<div class=\"cmsmasters_column_inner\"><div id=\"cmsmasters_heading_22dqaeiow9\" class=\"cmsmasters_heading_wrap cmsmasters_heading_align_left\">\n\t<h2 class=\"cmsmasters_heading\">Pr\u00e9sentation du cursus technique vocale<\/h2>\n<\/div><div class=\"cmsmasters_text\">\n<p>Ce cursus est propos\u00e9 \u00e0 partir de 11 ans.<\/p>\n<p>Il s&#8217;agit d&#8217;un cours individuel de 30 minutes pour un travail autour du souffle, la pr\u00e9paration et le travail de la voix et l&#8217;interpr\u00e9tation.<\/p>\n<p>Dans ce cursus, un atelier collectif est \u00e9galement accessible.<\/p>\n<p>&nbsp;<\/p>\n<\/div>\n<\/div><\/div>\n<\/div>\n<\/div>\n<\/div>\n<\/div>\n<\/div>\n\n","protected":false},"excerpt":{"rendered":"","protected":false},"author":1,"featured_media":14094,"menu_order":0,"comment_status":"closed","ping_status":"open","template":"","format":"standard","meta":{"footnotes":""},"pj-categs":[8,39],"pj-tags":[],"class_list":["post-15527","project","type-project","status-publish","format-standard","has-post-thumbnail","hentry","pj-categs-cours","pj-categs-general"],"yoast_head":"<!-- This site is optimized with the Yoast SEO plugin v27.5 - https:\/\/yoast.com\/product\/yoast-seo-wordpress\/ -->\n<title>Cursus technique vocale - Ecole de Musique et de Th\u00e9\u00e2tre de Grandchamp des Fontaines<\/title>\n<meta name=\"description\" content=\"Cette page pr\u00e9sente le cursus de technique vocale \u00e0 l&#039;\u00e9cole de musique et de th\u00e9\u00e2tre de grandchamp des fontaines.\" \/>\n<meta name=\"robots\" content=\"index, follow, max-snippet:-1, max-image-preview:large, max-video-preview:-1\" \/>\n<link rel=\"canonical\" href=\"https:\/\/grandchampmusique.fr\/index.php\/class\/cursus-technique-vocale\/\" \/>\n<meta property=\"og:locale\" content=\"fr_FR\" \/>\n<meta property=\"og:type\" content=\"article\" \/>\n<meta property=\"og:title\" content=\"Cursus technique vocale - Ecole de Musique et de Th\u00e9\u00e2tre de Grandchamp des Fontaines\" \/>\n<meta property=\"og:description\" content=\"Cette page pr\u00e9sente le cursus de technique vocale \u00e0 l&#039;\u00e9cole de musique et de th\u00e9\u00e2tre de grandchamp des fontaines.\" \/>\n<meta property=\"og:url\" content=\"https:\/\/grandchampmusique.fr\/index.php\/class\/cursus-technique-vocale\/\" \/>\n<meta property=\"og:site_name\" content=\"Ecole de Musique et de Th\u00e9\u00e2tre de Grandchamp des Fontaines\" \/>\n<meta property=\"article:modified_time\" content=\"2025-05-28T16:48:17+00:00\" \/>\n<meta property=\"og:image\" content=\"https:\/\/grandchampmusique.fr\/wp-content\/uploads\/2019\/04\/Situation-de-handicap.jpg\" \/>\n\t<meta property=\"og:image:width\" content=\"600\" \/>\n\t<meta property=\"og:image:height\" content=\"400\" \/>\n\t<meta property=\"og:image:type\" content=\"image\/jpeg\" \/>\n<meta name=\"twitter:card\" content=\"summary_large_image\" \/>\n<meta name=\"twitter:label1\" content=\"Dur\u00e9e de lecture estim\u00e9e\" \/>\n\t<meta name=\"twitter:data1\" content=\"1 minute\" \/>\n<script type=\"application\/ld+json\" class=\"yoast-schema-graph\">{\"@context\":\"https:\\\/\\\/schema.org\",\"@graph\":[{\"@type\":\"WebPage\",\"@id\":\"https:\\\/\\\/grandchampmusique.fr\\\/index.php\\\/class\\\/cursus-technique-vocale\\\/\",\"url\":\"https:\\\/\\\/grandchampmusique.fr\\\/index.php\\\/class\\\/cursus-technique-vocale\\\/\",\"name\":\"Cursus technique vocale - Ecole de Musique et de Th\u00e9\u00e2tre de Grandchamp des Fontaines\",\"isPartOf\":{\"@id\":\"https:\\\/\\\/grandchampmusique.fr\\\/#website\"},\"primaryImageOfPage\":{\"@id\":\"https:\\\/\\\/grandchampmusique.fr\\\/index.php\\\/class\\\/cursus-technique-vocale\\\/#primaryimage\"},\"image\":{\"@id\":\"https:\\\/\\\/grandchampmusique.fr\\\/index.php\\\/class\\\/cursus-technique-vocale\\\/#primaryimage\"},\"thumbnailUrl\":\"https:\\\/\\\/grandchampmusique.fr\\\/wp-content\\\/uploads\\\/2019\\\/04\\\/Situation-de-handicap.jpg\",\"datePublished\":\"2024-05-28T05:38:06+00:00\",\"dateModified\":\"2025-05-28T16:48:17+00:00\",\"description\":\"Cette page pr\u00e9sente le cursus de technique vocale \u00e0 l'\u00e9cole de musique et de th\u00e9\u00e2tre de grandchamp des fontaines.\",\"breadcrumb\":{\"@id\":\"https:\\\/\\\/grandchampmusique.fr\\\/index.php\\\/class\\\/cursus-technique-vocale\\\/#breadcrumb\"},\"inLanguage\":\"fr-FR\",\"potentialAction\":[{\"@type\":\"ReadAction\",\"target\":[\"https:\\\/\\\/grandchampmusique.fr\\\/index.php\\\/class\\\/cursus-technique-vocale\\\/\"]}]},{\"@type\":\"ImageObject\",\"inLanguage\":\"fr-FR\",\"@id\":\"https:\\\/\\\/grandchampmusique.fr\\\/index.php\\\/class\\\/cursus-technique-vocale\\\/#primaryimage\",\"url\":\"https:\\\/\\\/grandchampmusique.fr\\\/wp-content\\\/uploads\\\/2019\\\/04\\\/Situation-de-handicap.jpg\",\"contentUrl\":\"https:\\\/\\\/grandchampmusique.fr\\\/wp-content\\\/uploads\\\/2019\\\/04\\\/Situation-de-handicap.jpg\",\"width\":600,\"height\":400,\"caption\":\"Soir\u00e9e quiz\"},{\"@type\":\"BreadcrumbList\",\"@id\":\"https:\\\/\\\/grandchampmusique.fr\\\/index.php\\\/class\\\/cursus-technique-vocale\\\/#breadcrumb\",\"itemListElement\":[{\"@type\":\"ListItem\",\"position\":1,\"name\":\"Home\",\"item\":\"https:\\\/\\\/grandchampmusique.fr\\\/\"},{\"@type\":\"ListItem\",\"position\":2,\"name\":\"Classes\",\"item\":\"https:\\\/\\\/grandchampmusique.fr\\\/index.php\\\/class\\\/\"},{\"@type\":\"ListItem\",\"position\":3,\"name\":\"Cursus technique vocale\"}]},{\"@type\":\"WebSite\",\"@id\":\"https:\\\/\\\/grandchampmusique.fr\\\/#website\",\"url\":\"https:\\\/\\\/grandchampmusique.fr\\\/\",\"name\":\"Ecole de Musique et de Th\u00e9\u00e2tre de Grandchamp des Fontaines\",\"description\":\"CALG\",\"potentialAction\":[{\"@type\":\"SearchAction\",\"target\":{\"@type\":\"EntryPoint\",\"urlTemplate\":\"https:\\\/\\\/grandchampmusique.fr\\\/?s={search_term_string}\"},\"query-input\":{\"@type\":\"PropertyValueSpecification\",\"valueRequired\":true,\"valueName\":\"search_term_string\"}}],\"inLanguage\":\"fr-FR\"}]}<\/script>\n<!-- \/ Yoast SEO plugin. -->","yoast_head_json":{"title":"Cursus technique vocale - Ecole de Musique et de Th\u00e9\u00e2tre de Grandchamp des Fontaines","description":"Cette page pr\u00e9sente le cursus de technique vocale \u00e0 l'\u00e9cole de musique et de th\u00e9\u00e2tre de grandchamp des fontaines.","robots":{"index":"index","follow":"follow","max-snippet":"max-snippet:-1","max-image-preview":"max-image-preview:large","max-video-preview":"max-video-preview:-1"},"canonical":"https:\/\/grandchampmusique.fr\/index.php\/class\/cursus-technique-vocale\/","og_locale":"fr_FR","og_type":"article","og_title":"Cursus technique vocale - Ecole de Musique et de Th\u00e9\u00e2tre de Grandchamp des Fontaines","og_description":"Cette page pr\u00e9sente le cursus de technique vocale \u00e0 l'\u00e9cole de musique et de th\u00e9\u00e2tre de grandchamp des fontaines.","og_url":"https:\/\/grandchampmusique.fr\/index.php\/class\/cursus-technique-vocale\/","og_site_name":"Ecole de Musique et de Th\u00e9\u00e2tre de Grandchamp des Fontaines","article_modified_time":"2025-05-28T16:48:17+00:00","og_image":[{"width":600,"height":400,"url":"https:\/\/grandchampmusique.fr\/wp-content\/uploads\/2019\/04\/Situation-de-handicap.jpg","type":"image\/jpeg"}],"twitter_card":"summary_large_image","twitter_misc":{"Dur\u00e9e de lecture estim\u00e9e":"1 minute"},"schema":{"@context":"https:\/\/schema.org","@graph":[{"@type":"WebPage","@id":"https:\/\/grandchampmusique.fr\/index.php\/class\/cursus-technique-vocale\/","url":"https:\/\/grandchampmusique.fr\/index.php\/class\/cursus-technique-vocale\/","name":"Cursus technique vocale - Ecole de Musique et de Th\u00e9\u00e2tre de Grandchamp des Fontaines","isPartOf":{"@id":"https:\/\/grandchampmusique.fr\/#website"},"primaryImageOfPage":{"@id":"https:\/\/grandchampmusique.fr\/index.php\/class\/cursus-technique-vocale\/#primaryimage"},"image":{"@id":"https:\/\/grandchampmusique.fr\/index.php\/class\/cursus-technique-vocale\/#primaryimage"},"thumbnailUrl":"https:\/\/grandchampmusique.fr\/wp-content\/uploads\/2019\/04\/Situation-de-handicap.jpg","datePublished":"2024-05-28T05:38:06+00:00","dateModified":"2025-05-28T16:48:17+00:00","description":"Cette page pr\u00e9sente le cursus de technique vocale \u00e0 l'\u00e9cole de musique et de th\u00e9\u00e2tre de grandchamp des fontaines.","breadcrumb":{"@id":"https:\/\/grandchampmusique.fr\/index.php\/class\/cursus-technique-vocale\/#breadcrumb"},"inLanguage":"fr-FR","potentialAction":[{"@type":"ReadAction","target":["https:\/\/grandchampmusique.fr\/index.php\/class\/cursus-technique-vocale\/"]}]},{"@type":"ImageObject","inLanguage":"fr-FR","@id":"https:\/\/grandchampmusique.fr\/index.php\/class\/cursus-technique-vocale\/#primaryimage","url":"https:\/\/grandchampmusique.fr\/wp-content\/uploads\/2019\/04\/Situation-de-handicap.jpg","contentUrl":"https:\/\/grandchampmusique.fr\/wp-content\/uploads\/2019\/04\/Situation-de-handicap.jpg","width":600,"height":400,"caption":"Soir\u00e9e quiz"},{"@type":"BreadcrumbList","@id":"https:\/\/grandchampmusique.fr\/index.php\/class\/cursus-technique-vocale\/#breadcrumb","itemListElement":[{"@type":"ListItem","position":1,"name":"Home","item":"https:\/\/grandchampmusique.fr\/"},{"@type":"ListItem","position":2,"name":"Classes","item":"https:\/\/grandchampmusique.fr\/index.php\/class\/"},{"@type":"ListItem","position":3,"name":"Cursus technique vocale"}]},{"@type":"WebSite","@id":"https:\/\/grandchampmusique.fr\/#website","url":"https:\/\/grandchampmusique.fr\/","name":"Ecole de Musique et de Th\u00e9\u00e2tre de Grandchamp des Fontaines","description":"CALG","potentialAction":[{"@type":"SearchAction","target":{"@type":"EntryPoint","urlTemplate":"https:\/\/grandchampmusique.fr\/?s={search_term_string}"},"query-input":{"@type":"PropertyValueSpecification","valueRequired":true,"valueName":"search_term_string"}}],"inLanguage":"fr-FR"}]}},"_links":{"self":[{"href":"https:\/\/grandchampmusique.fr\/index.php\/wp-json\/wp\/v2\/project\/15527","targetHints":{"allow":["GET"]}}],"collection":[{"href":"https:\/\/grandchampmusique.fr\/index.php\/wp-json\/wp\/v2\/project"}],"about":[{"href":"https:\/\/grandchampmusique.fr\/index.php\/wp-json\/wp\/v2\/types\/project"}],"author":[{"embeddable":true,"href":"https:\/\/grandchampmusique.fr\/index.php\/wp-json\/wp\/v2\/users\/1"}],"replies":[{"embeddable":true,"href":"https:\/\/grandchampmusique.fr\/index.php\/wp-json\/wp\/v2\/comments?post=15527"}],"version-history":[{"count":3,"href":"https:\/\/grandchampmusique.fr\/index.php\/wp-json\/wp\/v2\/project\/15527\/revisions"}],"predecessor-version":[{"id":15644,"href":"https:\/\/grandchampmusique.fr\/index.php\/wp-json\/wp\/v2\/project\/15527\/revisions\/15644"}],"wp:featuredmedia":[{"embeddable":true,"href":"https:\/\/grandchampmusique.fr\/index.php\/wp-json\/wp\/v2\/media\/14094"}],"wp:attachment":[{"href":"https:\/\/grandchampmusique.fr\/index.php\/wp-json\/wp\/v2\/media?parent=15527"}],"wp:term":[{"taxonomy":"pj-categs","embeddable":true,"href":"https:\/\/grandchampmusique.fr\/index.php\/wp-json\/wp\/v2\/pj-categs?post=15527"},{"taxonomy":"pj-tags","embeddable":true,"href":"https:\/\/grandchampmusique.fr\/index.php\/wp-json\/wp\/v2\/pj-tags?post=15527"}],"curies":[{"name":"wp","href":"https:\/\/api.w.org\/{rel}","templated":true}]}}

<div id="cmsmasters_row_7vbmfbfecg" class="cmsmasters_row cmsmasters_color_scheme_default cmsmasters_row_top_default cmsmasters_row_bot_default cmsmasters_row_boxed">
<div class="cmsmasters_row_outer_parent">
<div class="cmsmasters_row_outer">
<div class="cmsmasters_row_inner">
<div class="cmsmasters_row_margin">
<div id="cmsmasters_column_5mztqyv4wc" class="cmsmasters_column one_first">
<div class="cmsmasters_column_inner"><div id="cmsmasters_heading_22dqaeiow9" class="cmsmasters_heading_wrap cmsmasters_heading_align_left">
	<h2 class="cmsmasters_heading">Présentation du cursus technique vocale</h2>
</div><div class="cmsmasters_text">
<p>Ce cursus est proposé à partir de 11 ans.</p>
<p>Il s&#8217;agit d&#8217;un cours individuel de 30 minutes pour un travail autour du souffle, la préparation et le travail de la voix et l&#8217;interprétation.</p>
<p>Dans ce cursus, un atelier collectif est également accessible.</p>
<p>&nbsp;</p>
</div>
</div></div>
</div>
</div>
</div>
</div>
</div>

<!-- This site is optimized with the Yoast SEO plugin v27.5 - https://yoast.com/product/yoast-seo-wordpress/ -->
<title>Cursus technique vocale - Ecole de Musique et de Théâtre de Grandchamp des Fontaines</title>
<meta name="description" content="Cette page présente le cursus de technique vocale à l&#039;école de musique et de théâtre de grandchamp des fontaines." />
<meta name="robots" content="index, follow, max-snippet:-1, max-image-preview:large, max-video-preview:-1" />
<link rel="canonical" href="https://grandchampmusique.fr/index.php/class/cursus-technique-vocale/" />
<meta property="og:locale" content="fr_FR" />
<meta property="og:type" content="article" />
<meta property="og:title" content="Cursus technique vocale - Ecole de Musique et de Théâtre de Grandchamp des Fontaines" />
<meta property="og:description" content="Cette page présente le cursus de technique vocale à l&#039;école de musique et de théâtre de grandchamp des fontaines." />
<meta property="og:url" content="https://grandchampmusique.fr/index.php/class/cursus-technique-vocale/" />
<meta property="og:site_name" content="Ecole de Musique et de Théâtre de Grandchamp des Fontaines" />
<meta property="article:modified_time" content="2025-05-28T16:48:17+00:00" />
<meta property="og:image" content="https://grandchampmusique.fr/wp-content/uploads/2019/04/Situation-de-handicap.jpg" />
	<meta property="og:image:width" content="600" />
	<meta property="og:image:height" content="400" />
	<meta property="og:image:type" content="image/jpeg" />
<meta name="twitter:card" content="summary_large_image" />
<meta name="twitter:label1" content="Durée de lecture estimée" />
	<meta name="twitter:data1" content="1 minute" />
<script type="application/ld+json" class="yoast-schema-graph">{"@context":"https:\/\/schema.org","@graph":[{"@type":"WebPage","@id":"https:\/\/grandchampmusique.fr\/index.php\/class\/cursus-technique-vocale\/","url":"https:\/\/grandchampmusique.fr\/index.php\/class\/cursus-technique-vocale\/","name":"Cursus technique vocale - Ecole de Musique et de Théâtre de Grandchamp des Fontaines","isPartOf":{"@id":"https:\/\/grandchampmusique.fr\/#website"},"primaryImageOfPage":{"@id":"https:\/\/grandchampmusique.fr\/index.php\/class\/cursus-technique-vocale\/#primaryimage"},"image":{"@id":"https:\/\/grandchampmusique.fr\/index.php\/class\/cursus-technique-vocale\/#primaryimage"},"thumbnailUrl":"https:\/\/grandchampmusique.fr\/wp-content\/uploads\/2019\/04\/Situation-de-handicap.jpg","datePublished":"2024-05-28T05:38:06+00:00","dateModified":"2025-05-28T16:48:17+00:00","description":"Cette page présente le cursus de technique vocale à l'école de musique et de théâtre de grandchamp des fontaines.","breadcrumb":{"@id":"https:\/\/grandchampmusique.fr\/index.php\/class\/cursus-technique-vocale\/#breadcrumb"},"inLanguage":"fr-FR","potentialAction":[{"@type":"ReadAction","target":["https:\/\/grandchampmusique.fr\/index.php\/class\/cursus-technique-vocale\/"]}]},{"@type":"ImageObject","inLanguage":"fr-FR","@id":"https:\/\/grandchampmusique.fr\/index.php\/class\/cursus-technique-vocale\/#primaryimage","url":"https:\/\/grandchampmusique.fr\/wp-content\/uploads\/2019\/04\/Situation-de-handicap.jpg","contentUrl":"https:\/\/grandchampmusique.fr\/wp-content\/uploads\/2019\/04\/Situation-de-handicap.jpg","width":600,"height":400,"caption":"Soirée quiz"},{"@type":"BreadcrumbList","@id":"https:\/\/grandchampmusique.fr\/index.php\/class\/cursus-technique-vocale\/#breadcrumb","itemListElement":[{"@type":"ListItem","position":1,"name":"Home","item":"https:\/\/grandchampmusique.fr\/"},{"@type":"ListItem","position":2,"name":"Classes","item":"https:\/\/grandchampmusique.fr\/index.php\/class\/"},{"@type":"ListItem","position":3,"name":"Cursus technique vocale"}]},{"@type":"WebSite","@id":"https:\/\/grandchampmusique.fr\/#website","url":"https:\/\/grandchampmusique.fr\/","name":"Ecole de Musique et de Théâtre de Grandchamp des Fontaines","description":"CALG","potentialAction":[{"@type":"SearchAction","target":{"@type":"EntryPoint","urlTemplate":"https:\/\/grandchampmusique.fr\/?s={search_term_string}"},"query-input":{"@type":"PropertyValueSpecification","valueRequired":true,"valueName":"search_term_string"}}],"inLanguage":"fr-FR"}]}</script>
<!-- / Yoast SEO plugin. -->

Cursus technique vocale - Ecole de Musique et de Théâtre de Grandchamp des Fontaines

Cette page présente le cursus de technique vocale à l'école de musique et de théâtre de grandchamp des fontaines.

Ecole de Musique et de Théâtre de Grandchamp des Fontaines

Soirée quiz
